4*s. What is a(p)?
11
Let l = 23 + -20. Let j(t) = -5 + 0 + t + l - t**2. Determine j(-2).
-8
Let t(p) = 3*p**3 + p**2 + p - 1. Suppose 0 = 5*r + 1 - 76. Let b(n) = n**2 - 15*n + 1. Let m be b(r). What is t(m)?
4
Let n(s) = s**3 + 7*s**2 - 2*s - 9. Let b be (9 - 1) + (-12)/(-6). Suppose -5*u + x = 32, 5*u + 16 = 3*x - b. Determine n(u).
5
Let h(z) = -2*z. Let u(q) be the second derivative of q**4/6 - q**3/6 - q. Let l be u(-2). Let t be l/(-4) + 1/(-2). Determine h(t).
6
Let y(h) = 2*h - 4. Let c(l) = -l - 3. Let r be c(-6). What is y(r)?
2
Let z(n) = -2*n - 4. Let y be z(-3). Let i(r) = -3*r**3 - 4*r**2 + 2*r**3 + y*r**3 - 1 + r. Suppose -5*x - 5*u + 20 + 0 = 0, 12 = 3*x + 4*u. Give i(x).
3
Let g(i) = 5*i**2 + 2*i + 1. Let c be g(-1). Let b(s) = 4 - s**2 + s - 4 + c. Calculate b(3).
-2
Suppose 10 = 4*f - z - 9, -35 = -5*f + 5*z. Let v(t) = t + 6. Let a be v(-6). Let h(g) = 0 + a + g. Determine h(f).
4
Suppose 4*f = -5*n - 12, 3*n + 5*f = -0*n - 15. Let c(x) be the third derivative of 0*x + x**2 - 1/3*x**3 + n - 1/30*x**5 - 1/4*x**4. Give c(-4).
-10
Let a(h) = 3*h**3 + 4*h**2 + 3*h + 8. Let g(s) = 4*s**3 + 5*s**2 + 4*s + 9. Let o(d) = 5*a(d) - 4*g(d). Give o(0).
4
Let k(h) = 3*h + 2*h - 3*h. Let t(g) = g**3 - 7*g**2 + 8*g - 8. Let r be t(6). What is k(r)?
8
Let g = 32 + -26. Let p(l) = l**3 - 5*l**2 - 7*l + 5. What is p(g)?
-1
Let t(j) = j**2 - 2 + 2*j - 8*j - 8*j**2 + 6*j**2. Give t(-5).
3
Let q = 64 + -56. Let m(s) = s**2 - 6*s - 10. Calculate m(q).
6
Let c(s) = -s**2 + 3*s - 1. Let u be c(3). Let l(z) = -5*z**2 - 3*z + 1. Let h(i) = -11*i**2 - 7*i + 2. Let g(b) = 3*h(b) - 7*l(b). Give g(u).
1
Let o(x) be the second derivative of x**4/12 + 2*x**3/3 - 10*x. Calculate o(-4).
0
Let w(t) = -4*t + 5*t + 10 - 7 + 4. Give w(-7).
0
Suppose g = 5*g + 36. Let w = g - -14. Let c(i) = -8*i + 9. Let r(k) = 7*k - 8. Let b(p) = 6*c(p) + 7*r(p). Give b(w).
3
Suppose j - 3*v + 11 = 5*j, 3*v = -5*j + 16. Let z(f) be the second derivative of -f**5/20 + f**4/3 + 5*f**3/6 - f**2 + 2*f. Calculate z(j).
-2
Let f be ((-8)/(-2))/(0 + 2). Suppose 0 = r + f + 4. Let a(g) = -112*g + 6 + 343*g - 115*g - 115*g. Calculate a(r).
0
Let n(a) = 2 - 5*a - 2*a**2 + 3*a**2 + 1 - 1. Let r be n(3). Let c(s) = -3. Let y(t) = t. Let h(x) = -c(x) + y(x). Determine h(r).
-1
Suppose 2*a + a = 6. Let o(w) = -1 + 0*w**2 - 3*w**2 + 4*w**a. Suppose -5*g = 16 - 6. What is o(g)?
3
Let k(p) be the second derivative of p**3/6 + 7*p**2 + 7*p. What is k(-7)?
7
Let l(a) = a**3 - a + 5. Let o = -10 + 10. Calculate l(o).
5
Let i(z) be the first derivative of z**4/4 + z**3/3 - z**2 + z - 1. Let b = -14 + 30. Suppose 5 = -d - 2*q, b = d - 4*q - q. Determine i(d).
1
Suppose -5 = -14*z + 13*z. Let f(i) = i - 4. What is f(z)?
1
Let j(h) = 64 - 30 + h - 37. Calculate j(-4).
-7
Let m(x) = 2*x + 2. Let y be ((-3)/(-3) - 1)/3. Let k(r) = -r**3 + r**2 + r + 5. Let d be k(y). Suppose d*b - 3*b + 12 = -z, -z = -b. What is m(b)?
-6
Let d(r) = 3*r**3 + 4*r**2 + 4. Let g(s) = 2*s**3 + 3*s**2 + 5. Let v(n) = 3*d(n) - 4*g(n). Determine v(0).
-8
Suppose -r + 6*r = -10. Let p = -7 - r. Let c = 1 + p. Let t(h) = -h**3 - 6*h**2 - 7*h - 5. What is t(c)?
-9
Let j(m) = -9*m + 1. Suppose -3*i + 5 = -4. Suppose -7*z + 2*z = v + 18, -5*v = -i*z - 22. Suppose -3*d = -d - v. Determine j(d).
-8
Let s(u) = -5*u**2 + 8. Let f(g) = g**2 + g - 1. Let k(b) = -b - 4. Let i = 13 + -23. Let t be k(i). Let r(z) = t*f(z) + s(z). Determine r(-3).
-7
Let l(x) = -x - 5. Let d be l(6). Let v be 53/(-11) - (-2)/d. Let j(a) = a**2 + 4*a + 5. What is j(v)?
10
Let l(p) = p - 5. Let k(r) = r - 5. Let q(v) = -3*k(v) + 2*l(v). Give q(0).
5
Let g(b) = 2*b + 15. Let k(f) = -2*f - 15. Let s(n) = -4*g(n) - 5*k(n). Let v be s(-6). Let p(y) = y - 2. What is p(v)?
1
Let i be 26/(-4) - (-1)/2. Let c(z) be the third derivative of -z**5/60 - z**4/4 + z**3 - 4*z**2. Calculate c(i).
6
Let m(q) = -3*q - 6. Let a(p) = 7*p + 14. Let x(o) = -2*a(o) - 5*m(o). Let v be ((-15)/2)/(-3)*-2. Give x(v).
-3
Let o(s) = -s**3 - s**2 - 6. Let a be 8/(-12) - (-34)/6. Suppose 2*k + 8 = 6*k, a*n + 5*k = 20. Let j be (0*(-3)/6)/n. Calculate o(j).
-6
Let x(n) = -3*n - 49. Let y be x(-17). Suppose 0 = 2*h - 1 - 1. Let a(d) = 0*d**2 + h + 3*d**3 + d + d**2 - 4*d**3. What is a(y)?
-1
Let m = 2 - 2. Let u(t) be the first derivative of 1/2*t**2 + 1 + m*t. Calculate u(3).
3
Let w(n) = -n - 11. Let h = -27 + 14. Let b be w(h). Let u(s) = -2*s**2 + s. Give u(b).
-6
Let v(b) = 17*b**2 + 7*b - 6. Let c(s) = -8*s**2 - 3*s + 3. Let z(j) = 7*c(j) + 3*v(j). Let a(h) = -6*h**2 - h + 4. Let r(g) = -3*a(g) + 4*z(g). Calculate r(2).
-2
Let y(g) = 3*g**3 - 4*g**2 + 6*g - 5. Let v(n) = 9*n**3 - 11*n**2 + 17*n - 14. Let j(k) = -4*v(k) + 11*y(k). Give j(1).
-4
Let n(b) = b + 29 - 1 - 18. Give n(-5).
5
Let h(b) = 2*b - 4. Let a(g) = -g**2 - 9*g + 4. Let w be -4*2 - (-8 + 9). Let t be a(w). Calculate h(t).
4
Suppose -3*w = -10*w + 21. Let i(g) be the first derivative of g**4/4 - g**3/3 - 3*g**2/2 - 2*g - 2. Give i(w).
7
Let n(i) = -i**2 + 10*i - 12. Let u(o) = o**2 + 4*o + o - 2*o - 10. Let d be u(-6). Give n(d).
4
Let t(g) be the second derivative of g**5/20 + g**4/3 - g**3/2 + 3*g**2 - 8*g. Calculate t(-5).
-4
Let y(w) = -7*w**3 - 2*w**2 - w + 2. Let t(b) = -b**3 - b + 1. Let x(i) = 2*t(i) - y(i). Determine x(1).
6
Let q(z) = -z + 8. Let t be q(6). Let n be t/(-6) + (-8)/(-6). Let b(f) = -5*f**2 + f. What is b(n)?
-4
Suppose -c - l + 3 - 14 = 0, -5*c + 4*l = 37. Let n = 4 + c. Let f(s) = 4 - s**3 - 3*s**2 + 3 - 5*s - 3*s**2. What is f(n)?
7
Let t(g) = g**2 + 2*g - 1. Let x be t(2). Let f(p) = -p**2 + 10*p + 1. Calculate f(x).
22
Let r(a) = -a**2 + 4. Let x be r(2). Let c(u) = -u**2 + x*u**2 - 2*u - 9*u + 10*u. Calculate c(-2).
-2
Let s(m) be the first derivative of -m**2 + 7*m - 2. What is s(7)?
-7
Let n(a) = 2 - 4 + 2 - 4*a. Calculate n(3).
-12
Let m(d) = -d + 1. Let p(z) = -2*z + 8. Let k(g) = 3*m(g) - p(g). Let a = 102 + -102. Give k(a).
-5
Let o = 24 + -19. Let u(a) be the third derivative of -a**5/60 + a**4/4 + 2*a**3/3 + a**2. Determine u(o).
9
Let j(l) be the second derivative of l**7/840 - l**5/120 - 7*l**3/6 + 6*l. Let h(v) be the second derivative of j(v). Determine h(1).
0
Let w(v) be the second derivative of v**5/20 - v**4/3 - v**3/6 - v**2/2 - 3*v. Calculate w(3).
-13
Let r(q) be the first derivative of -q**3/3 + 7*q**2/2 - 3*q + 1. Let l(m) = m - 2. Let p be l(8). Calculate r(p).
3
Let c(u) = -5*u**2 + 6*u - 2. Let y(t) = -t**2 - 1. Let k(w) = -c(w) + 6*y(w). Calculate k(-4).
4
Let v(c) = c - 3. Suppose 3*x - 21 + 0 = 0. Let q(h) = 2*h - 9. Let f(r) = x*v(r) - 2*q(r). Determine f(3).
6
Suppose -5*j + 0*j - 25 = 0. Let c = 0 + j. Let b(h) = 5*h**2 + 5*h. Let t(f) = -6*f**2 - 5*f + 1. Let m(g) = 5*b(g) + 4*t(g). Calculate m(c).
4
Let z = 2 - 2. Let u(c) = 2*c**2 - c**3 + z*c - 3 - 5*c - 6*c**2 + 2*c. Suppose -3*w = -0*h + 3*h + 21, -5*h = w + 23. Give u(w).
-3
Let q(c) = 4*c**3 - 1. Let w be q(1). Let l(o) = -o**3 + 4*o**2 - 5*o + 3. Give l(w).
-3
Let d(f) be the second derivative of -f**4/12 - f**3/6 - 2*f. Let r be 10/4*6/5. Suppose r*m = 5*w - 20, -w + 2 + 2 = 4*m. Calculate d(m).
0
Let g(f) = 2*f**3. Let m = 4 + -3. Determine g(m).
2
Suppose 3 = -6*b + 3*b. Let k(n) be the first derivative of 5*n**4/12 + n**3/6 + n**2/2 - n + 2. Let l(z) be the first derivative of k(z). Determine l(b).
5
Let i(f) = -f + 1. Let k be i(3). Let v be 6 + (3/3 - 3). Let j(d) = v*d - 6*d + 3*d. Give j(k).
-2
Let p be (14/4)/(2/12). Let b = 17 - p. Let n(f) = f**2 + 3*f - 2. Determine n(b).
2
Let o(v) = -v**3 - v. Let f(y) = -4*y**3 + 3*y**2 - 4*y - 1. Let d(g) = -f(g) + 3*o(g). Suppose -4*t + 5*p + 0*p + 32 = 0, 2*t = -2*p - 2. Give d(t).
4
Suppose 2*q = 4*l - 14, 4*q + 0*l + 2*l = 22. Let y(r) = 0 - 3*r**2 - 3*r**2 + r**q + 2 + 5 + 3*r. Calculate y(5).
-3
Suppose -2*f + 7*f = 0. Let r(d) = 1 + 0 + 2 + 2*d + f. What is r(-3)?
-3
Let i(a) = -a**3 - a**2 + a + 2. Let s = -4 + 8. Suppose 4*t - 4 = -5*n + 2, -4*t + 24 = -s*n. Let f be (0 + t)*(-2)/(-4). Determine i(f).
-8
Let h(g) = 2*g - 2. Let j(c) = -c**3 - 2*c**2 - 2*c - 1. Let n be j(-2). Suppose 1 + n = -2*l. What is h(l)?
-6
Let w(b) = -b**2 - 4*b + 3. Let o = -5 + 2. Give w(o).
6
Let z = 1 - -4. Suppose z*w = 40 - 5. Let s(h) = h - 7. Determine s(w)